Suppose 23*j = 20*j - 3*g + 32118, 0 = -2*j - 4*g + 21422. Is j a multiple of 87?
True
Suppose -2*j - 416*o + 412*o + 12036 = 0, 5*o = 3*j - 18087. Does 24 divide j?
True
Suppose 6*u + 9 = h + 2*u, 0 = -3*h + 3*u. Is 36 a factor of -129*(h/2 - (-10)/12)?
False
Suppose -205*h - 21155 = -209*h + y, 4*y = -3*h + 15890. Is h a multiple of 20?
False
Let n = 175 + -175. Suppose -2*u + 3*p + 109 = n, -3*u - 16*p + 144 = -14*p. Is u a multiple of 2?
True
Suppose 15*g = 4*i + 12*g - 5052, -6280 = -5*i - 5*g. Suppose 22*b = 19*b + i. Is b a multiple of 42?
True
Let s be ((-42)/(-5))/((-2)/20) - -3. Let z = 107 + s. Is z even?
True
Suppose 0 = -16*g + 38019 + 5581. Suppose -g - 905 = -11*c. Is c a multiple of 15?
True
Suppose -14*l = 100*l - 387942. Is 46 a factor of l?
False
Suppose 5*i - 23 = 7. Suppose 28409 = -50*y + 32858 + 38751. Suppose -i*q = -10*q + y. Does 20 divide q?
False
Suppose -1987*t + 2006*t + 2590 = 31793. Is 29 a factor of t?
True
Suppose h = 5*h + 152. Let y = h + 47. Suppose -130 = -10*z + y*z. Is 25 a factor of z?
False
Suppose 13*c - 5*c = -320. Let b = -41 - c. Is b/(-2) - (-731)/34 even?
True
Let u = -483 - -4643. Is u a multiple of 40?
True
Suppose 0 = -2*g - 8*b + 5*b + 5865, 2*g = -b + 5875. Suppose 19*n + n = g. Does 7 divide n?
True
Is 2425 + 9/(-9) + 5 even?
False
Let q = 2237 - -7147. Is q a multiple of 12?
True
Suppose -2*i = 2*k - 340, 0 = 15*k - 17*k + i + 322. Is 7 a factor of k?
False
Suppose -4*b + 9 = 2*i - 15, 0 = -b + 5. Let o = -245 - -357. Suppose o = 3*y - i*n, -5*n + 10*n = y - 46. Does 6 divide y?
True
Suppose 42 = -13*r - 127. Let n(k) = 2*k**2 + 26*k + 163. Is n(r) a multiple of 2?
False
Does 161 divide 8 - (-1 - -1) - (-5175 + -51)?
False
Let d(k) = -k**3 - 4*k**2 + 12*k. Let x be d(-6). Suppose x = 3*t + 3, -3*u = -7*u + 4*t + 136. Is 12 a factor of (118/4 - 1)*220/u?
False
Suppose 2*h = -p + 44, -3*h + 0*p = 3*p - 66. Suppose z = h*f - 24*f + 362, 5 = f. Does 22 divide z?
True
Let j(k) = -22*k - 1013. Is j(-78) a multiple of 12?
False
Let o(g) be the first derivative of -3*g**2 + 40*g + 5. Let d be o(6). Suppose 0 = -4*t, d*t + 1300 = 5*k - t. Does 32 divide k?
False
Let k = -2348 - -52232. Does 132 divide k?
False
Suppose 108134 = 5*z + 4*s, -167*s - 108142 = -5*z - 169*s. Is z a multiple of 13?
False
Let l = 413 + -399. Does 20 divide 40/(-14)*(l - 49)?
True
Let x(a) = -236*a - 788. Is x(-56) a multiple of 22?
False
Suppose -45*d + 91094 = -125131. Is 7 a factor of d?
False
Suppose 5*m + 2*f = 14, -m + 16 = -4*f - 0*f. Suppose -4 = 2*j, -41 + 221 = o - m*j. Suppose 10*a = 14*a - o. Is a a multiple of 6?
False
Suppose 0 = 20*w - 13*w + 1904. Let m = -194 - w. Is m a multiple of 13?
True
Let m be ((-16)/(-10))/(3 + (-65)/25). Does 13 divide (-39921)/(-84) + (-1)/m?
False
Suppose -4*f = -j - 54548, -12074 - 28848 = -3*f - 2*j. Does 16 divide f?
False
Let q(h) = 3*h**2 + h - 4. Let i(b) be the second derivative of -b**5/20 - b**4/3 + b**3/6 - b**2 + 18*b. Let g be i(-4). Is q(g) a multiple of 15?
False
Let z = -1 - 9. Let u be (6 - (-62)/z) + 9/(-5). Is 245/5 + (u - -1) a multiple of 13?
False
Let s = 13 - 8. Suppose -5*p + 6*p = -3*k + 61, -p = -k - 45. Suppose -p + 185 = s*h + 4*j, 2*j = 2*h - 58. Does 4 divide h?
True
Let u = -5227 - -20593. Does 32 divide u?
False
Is (4 - -22) + -15 + 2080 a multiple of 6?
False
Let g(o) = 30*o**2 + o + 2. Let x be (-112)/(-35) + 8/10. Let z be -8 + x + 9 - 3. Is 32 a factor of g(z)?
False
Suppose -3*x + f + 12959 - 5318 = 0, 4*x - 10195 = -f. Is 23 a factor of x?
False
Let u = 1459 - 499. Suppose u = 5*d + 60. Does 12 divide d?
True
Let h(j) = -355*j. Let d(b) = 1068*b - 2. Let n(u) = 3*d(u) + 10*h(u). Is 19 a factor of n(-2)?
False
Suppose 14*p + 54153 = -14*p + 140337. Does 81 divide p?
True
Let b = 90 - 90. Suppose b = 4*o - 3*z - 2340, 0*z + 5*z + 1744 = 3*o. Is o a multiple of 42?
True
Let k be ((-645)/25 + 3)*-5. Let q = 18 + k. Does 11 divide q?
True
Let a(n) = -3*n + 22. Suppose h - 12 = -3*j, 4*h + 0*h = -2*j + 28. Let s be a(h). Suppose -s*m = 5*f - 212, -3*m = -f - 4*f + 226. Is f a multiple of 11?
True
Suppose 0 = -11*c + 53 + 13. Suppose -c*u = -9*u + 93. Does 3 divide u?
False
Let d = -6629 + 47210. Does 167 divide d?
True
Suppose 2 = 5*n + 4*t - 24, 4*n = 2*t. Let c be n/(-7) + 580/70. Suppose 4*v - c*v = -196. Is 6 a factor of v?
False
Suppose -35676 + 564458 + 21448 = 15*r. Is 11 a factor of r?
False
Suppose -2*g = 3*j - 57295, -17*j - 57325 = -2*g - 10*j. Does 11 divide g?
False
Is -897*45/(-27)*9/15 a multiple of 36?
False
Let t be 428/(-20) + 4/10. Let i be (t/15*1)/((-4)/20). Is 26 a factor of ((-390)/i)/(21/(-98))?
True
Let b(x) be the first derivative of 2*x**3/3 - 23*x**2/2 - 238*x + 44. Does 68 divide b(-14)?
True
Let d(k) = 11*k**3 - k**2 - 3*k - 21. Is d(8) a multiple of 56?
False
Let a = -52 - -54. Let g be a + (8 - 9) + -1 + 2. Suppose -4*p = -9*p - 3*r + 8, -g*p - 12 = 5*r. Is 2 a factor of p?
True
Let v be (-17)/((-340)/15)*944/6. Suppose 4*n + 0*b = -4*b - 136, 2*b = 4*n + 166. Let g = v + n. Is g a multiple of 7?
False
Suppose -15*o = -19858 - 11537. Is 23 a factor of o?
True
Suppose -460 = -2*y - 4*c, 0 = 43*y - 39*y - 4*c - 884. Does 7 divide 4182/14 + 64/y?
False
Let q be (-52 - -2) + (-72)/18. Let a = 79 - q. Does 22 divide a?
False
Suppose 4*f + 4*j - 360 = 0, 0*f - 2*j = -3*f + 270. Suppose 0 = -92*i + f*i + 44. Suppose i*n - 15*n - 1001 = 0. Does 11 divide n?
True
Is 11 a factor of (9 - -57)*(-12)/(-9)*(-2123)/(-44)?
True
Let q(y) = -y**3 - 12*y**2 + 7*y + 127. Is 4 a factor of q(-14)?
False
Let j be -87*3/18*4. Let g = -55 - j. Suppose -2*f - 2*o + 288 = o, 5*f - g*o = 741. Is 21 a factor of f?
True
Let w(c) = 2*c + 12. Let t be w(-3). Suppose 25 - t = -2*m - 3*s, -4*s = m + 12. Is ((-2)/(-3))/(m/(-2400)) a multiple of 20?
True
Let u(l) = 5*l**3 + 19*l**2 + 58*l + 5. Let z(i) = i**3 + 5*i**2 + 15*i + 1. Let h(f) = -2*u(f) + 9*z(f). Is h(8) a multiple of 13?
False
Let c(o) = 67*o - 192. Is c(4) a multiple of 9?
False
Let r = -172 + 102. Let f be (2 - (5 + -3))/(-2) - -130. Let n = r + f. Is 10 a factor of n?
True
Let i = 543 + -543. Suppose -8*c - 34*c + 2310 = i. Is 5 a factor of c?
True
Let k be 5 + (3 - 3) + (-1)/(-1). Suppose -k*b + 1462 = -3638. Is b a multiple of 11?
False
Is (-4*66/(7 - 1))/((-4)/382) a multiple of 14?
False
Suppose -3 = -r - 0*r. Let h(k) = 33*k**r + 255*k - 260*k + 3 + 1. Is 4 a factor of h(1)?
True
Suppose -4*k = 4*h - 23616, 45736 = 5*k - 5*h + 16216. Is k a multiple of 42?
False
Let a(b) = 18*b**2 - 13*b - 31. Let s be a(-4). Is 49 a factor of ((-10094)/s)/(1/3*-1)?
True
Let w = -52 - -58. Suppose -3*o + 2*l = 2*o - 564, o - 120 = 4*l. Suppose n - o = -w*n. Does 4 divide n?
True
Let q(b) = 4*b + 13. Let p be q(3). Suppose -2*g - 139 = -3*g + 5*v, -5*v = p. Let n = g + 12. Does 25 divide n?
False
Let o be -2 - (318 + -3)/1. Let l = -223 - o. Is 5*l/10 + 2 + 0 a multiple of 6?
False
Does 50 divide (-42450704)/(-1526) + 1*6/(-21)?
False
Let f(u) be the third derivative of -u**5/30 + 23*u**4/24 + 3*u**3 - 254*u**2. Let a be 4/2 + (9 - 1). Is 17 a factor of f(a)?
False
Suppose -127*l + 769496 = 24*l. Is 52 a factor of l?
True
Let f = -24 + 59. Suppose 3*a = -7 - f. Is (-441)/a*(-24)/(-14) a multiple of 18?
True
Let c = -68 + 68. Suppose -30*o - z + 263 = -28*o, o + z - 131 = c. Is o a multiple of 22?
True
Let j(v) = 2*v**2 + 53*v + 178. Is j(-30) a multiple of 4?
True
Let z(d) = 54*d**2 - 3*d - 4. Suppose 10*n = 9*n, -5*k - 5 = 3*n. Does 9 divide z(k)?
False
Let c = -25 + -86. Let u = c + 120. Does 6 divide u?
False
Let m(p) be the second derivative of 10*p**3/3 + 63*p**2/2 + 51*p. Is m(4) a multiple of 17?
False
Let z(n) = n**2 + 36*n + 104. Let s be z(-33). Suppose 905 = s*i - r, -3*i + 0*r - 3*r + 525 = 0. Is 4 a factor of i?
True
Does 44 divide ((-774)/86 + (-9)/(-2))*(-50248)/12?
False
Suppose -3*n - 3768 = 3*g, 5*n + 3*g + g = -6281. Let l = -637 - n. Is l a multiple of 20?
True
Let h(a) = a**2 + 17*a - 18. Let g be h(-12). Let q = g - -350. Is 21 a factor of q?
False
Let d = 2808 - 1503. Let o = d + -713. Does 18 divide o?
False
Let h(y) = 13*y + 32. Let j(l) = 25*l + 67. Let w(i) = 7*h(i) - 3*j(i). Is w(6) a multiple of 6?
False
Let x = 209 - 204. Let s(p) = 4*p**2 - 5*p + 26. Is 12 a factor